{"id":23,"date":"2019-07-11T12:03:41","date_gmt":"2019-07-11T10:03:41","guid":{"rendered":"http:\/\/ancrage-btp.fr\/?page_id=23"},"modified":"2024-02-26T15:30:58","modified_gmt":"2024-02-26T14:30:58","slug":"qui-sommes-nous","status":"publish","type":"page","link":"https:\/\/ancrage-btp.fr\/index.php\/qui-sommes-nous\/","title":{"rendered":"Qui sommes-nous ?"},"content":{"rendered":"\n<p class=\"has-text-align-center has-dark-gray-color has-text-color\" style=\"font-size:17px\"> ANCRAGE est une soci\u00e9t\u00e9 \u00e0 taille humaine, intervenant dans le grand Sud-Ouest, sur des travaux de Fondations Sp\u00e9ciales, Sout\u00e8nements et Reprises en Sous-\u0152uvre. <br><br>Paul Castillon, son fondateur, a d\u00e9cid\u00e9 de se lancer ce nouveau d\u00e9fi de cr\u00e9ation d\u2019entreprise en 2019, apr\u00e8s 10 ans d\u2019activit\u00e9 au sein d\u2019entreprises leaders dans les travaux de Fondations Sp\u00e9ciales, en France et \u00e0 l&rsquo;international.<\/p>\n\n\n\n<figure class=\"wp-block-image alignwide\"><img loading=\"lazy\" decoding=\"async\" width=\"1024\" height=\"542\" src=\"https:\/\/ancrage-btp.fr\/wp-content\/uploads\/2019\/08\/Photo-homepage-paysbasque-1024x542.jpg\" alt=\"\" class=\"wp-image-371\" srcset=\"https:\/\/ancrage-btp.fr\/wp-content\/uploads\/2019\/08\/Photo-homepage-paysbasque-1024x542.jpg 1024w, https:\/\/ancrage-btp.fr\/wp-content\/uploads\/2019\/08\/Photo-homepage-paysbasque-300x159.jpg 300w, https:\/\/ancrage-btp.fr\/wp-content\/uploads\/2019\/08\/Photo-homepage-paysbasque-768x407.jpg 768w, https:\/\/ancrage-btp.fr\/wp-content\/uploads\/2019\/08\/Photo-homepage-paysbasque-1568x830.jpg 1568w\" sizes=\"(max-width: 1024px) 100vw, 1024px\" \/><\/figure>\n\n\n\n<p class=\"has-text-align-center has-dark-gray-color has-text-color\" style=\"font-size:17px\">ANCRAGE, c\u2019est \u00e9galement la premi\u00e8re entreprise de Travaux Sp\u00e9ciaux fond\u00e9e au pays basque, terre d\u2019attache de son fondateur. <br>L\u2019ancrage aux racines\u2026 une condition indispensable <br>pour assurer la p\u00e9rennit\u00e9 d\u2019un ouvrage sur la dur\u00e9e.<\/p>\n\n\n\n<p class=\"has-text-align-center has-dark-gray-color has-text-color\" style=\"font-size:17px\">ANCRAGE, c\u2019est enfin une \u00e9quipe hautement qualifi\u00e9e, r\u00e9active, performante <br>et \u00e0 l\u2019\u00e9coute de ses clients.<\/p>\n\n\n\n<div style=\"height:20px\" aria-hidden=\"true\" class=\"wp-block-spacer\"><\/div>\n\n\n\n<hr class=\"wp-block-separator has-css-opacity is-style-default\"\/>\n\n\n\n<p class=\"has-text-align-center has-dark-gray-color has-text-color\" style=\"font-size:20px\"><strong>ANCRAGE met ses comp\u00e9tences techniques <\/strong><br><strong>au profit&nbsp;des secteurs d\u2019activit\u00e9s suivants&nbsp;:<\/strong><\/p>\n\n\n\n<p class=\"has-text-align-center has-dark-gray-color has-text-color\" style=\"font-size:17px\"><strong>Projets neufs<\/strong><br>B\u00e2timent &amp; Travaux Publics<br>G\u00e9nie Civil<\/p>\n\n\n\n<p class=\"has-text-align-center has-dark-gray-color has-text-color\" style=\"font-size:17px\"><strong>Travaux apr\u00e8s sinistres<\/strong><br>Catastrophe Naturelle S\u00e9cheresse (CATNAT)<br>Glissements de terrain<\/p>\n\n\n\n<hr class=\"wp-block-separator has-css-opacity is-style-default\"\/>\n\n\n\n<p class=\"has-text-align-center has-dark-gray-color has-text-color\" style=\"font-size:17px\"><strong>Notre champ d\u2019action g\u00e9ographique <\/strong>: le grand Sud-Ouest<br> 64 &#8211; <em>Pyr\u00e9n\u00e9es Atlantiques<\/em><br><em>65 &#8211; Hautes-Pyr\u00e9n\u00e9es <\/em><br>32 &#8211; <em>Gers<\/em><br><em>40 &#8211; Landes<\/em><br><em>47 &#8211; Lot-et-Garonne<\/em><br><em>33 &#8211; Gironde<\/em><br><em>82 &#8211; Tarn-et-Garonne<\/em><br><em>31 &#8211; Haute-Garonne<\/em><br><em>09 &#8211; Ari\u00e8ge<\/em> <\/p>\n\n\n<div class=\"wp-block-image\">\n<figure class=\"aligncenter is-resized\"><img loading=\"lazy\" decoding=\"async\" width=\"2717\" height=\"3071\" src=\"http:\/\/ancrage-btp.fr\/wp-content\/uploads\/2019\/07\/ChampDaction.jpg\" alt=\"\" class=\"wp-image-322\" style=\"width:500px;height:499px\" srcset=\"https:\/\/ancrage-btp.fr\/wp-content\/uploads\/2019\/07\/ChampDaction.jpg 2717w, https:\/\/ancrage-btp.fr\/wp-content\/uploads\/2019\/07\/ChampDaction-265x300.jpg 265w, https:\/\/ancrage-btp.fr\/wp-content\/uploads\/2019\/07\/ChampDaction-768x868.jpg 768w, https:\/\/ancrage-btp.fr\/wp-content\/uploads\/2019\/07\/ChampDaction-906x1024.jpg 906w, https:\/\/ancrage-btp.fr\/wp-content\/uploads\/2019\/07\/ChampDaction-1568x1772.jpg 1568w\" sizes=\"(max-width: 2717px) 100vw, 2717px\" \/><\/figure><\/div>","protected":false},"excerpt":{"rendered":"<p>ANCRAGE est une soci\u00e9t\u00e9 \u00e0 taille humaine, intervenant dans le grand Sud-Ouest, sur des travaux de Fondations Sp\u00e9ciales, Sout\u00e8nements et Reprises en Sous-\u0152uvre. Paul Castillon, son fondateur, a d\u00e9cid\u00e9 de se lancer ce nouveau d\u00e9fi de cr\u00e9ation d\u2019entreprise en 2019, apr\u00e8s 10 ans d\u2019activit\u00e9 au sein d\u2019entreprises leaders dans les travaux de Fondations Sp\u00e9ciales, en &hellip; <\/p>\n<p class=\"link-more\"><a href=\"https:\/\/ancrage-btp.fr\/index.php\/qui-sommes-nous\/\" class=\"more-link\">Continuer la lecture <span class=\"screen-reader-text\"> \u00ab\u00a0Qui sommes-nous ?\u00a0\u00bb<\/span><\/a><\/p>\n","protected":false},"author":1,"featured_media":0,"parent":0,"menu_order":0,"comment_status":"closed","ping_status":"closed","template":"","meta":{"footnotes":""},"class_list":["post-23","page","type-page","status-publish","hentry","entry"],"yoast_head":"<!-- This site is optimized with the Yoast SEO plugin v24.9 - https:\/\/yoast.com\/wordpress\/plugins\/seo\/ -->\n<title>Qui sommes-nous ? - Ancrage - Fondations Sp\u00e9ciales<\/title>\n<meta name=\"description\" content=\"ANCRAGE est une soci\u00e9t\u00e9 \u00e0 taille humaine, intervenant dans le grand Sud-Ouest, sur des travaux de Fondations Sp\u00e9ciales, Sout\u00e8nements et Reprises en Sous-\u0152uvre.\" \/>\n<meta name=\"robots\" content=\"index, follow, max-snippet:-1, max-image-preview:large, max-video-preview:-1\" \/>\n<link rel=\"canonical\" href=\"https:\/\/ancrage-btp.fr\/index.php\/qui-sommes-nous\/\" \/>\n<meta property=\"og:locale\" content=\"fr_FR\" \/>\n<meta property=\"og:type\" content=\"article\" \/>\n<meta property=\"og:title\" content=\"Qui sommes-nous ? - Ancrage - Fondations Sp\u00e9ciales\" \/>\n<meta property=\"og:description\" content=\"ANCRAGE est une soci\u00e9t\u00e9 \u00e0 taille humaine, intervenant dans le grand Sud-Ouest, sur des travaux de Fondations Sp\u00e9ciales, Sout\u00e8nements et Reprises en Sous-\u0152uvre.\" \/>\n<meta property=\"og:url\" content=\"https:\/\/ancrage-btp.fr\/index.php\/qui-sommes-nous\/\" \/>\n<meta property=\"og:site_name\" content=\"Ancrage - Fondations Sp\u00e9ciales\" \/>\n<meta property=\"article:modified_time\" content=\"2024-02-26T14:30:58+00:00\" \/>\n<meta property=\"og:image\" content=\"https:\/\/ancrage-btp.fr\/wp-content\/uploads\/2019\/08\/Photo-homepage-paysbasque-1024x542.jpg\" \/>\n<meta name=\"twitter:card\" content=\"summary_large_image\" \/>\n<meta name=\"twitter:label1\" content=\"Dur\u00e9e de lecture estim\u00e9e\" \/>\n\t<meta name=\"twitter:data1\" content=\"2 minutes\" \/>\n<script type=\"application\/ld+json\" class=\"yoast-schema-graph\">{\"@context\":\"https:\/\/schema.org\",\"@graph\":[{\"@type\":\"WebPage\",\"@id\":\"https:\/\/ancrage-btp.fr\/index.php\/qui-sommes-nous\/\",\"url\":\"https:\/\/ancrage-btp.fr\/index.php\/qui-sommes-nous\/\",\"name\":\"Qui sommes-nous ? - Ancrage - Fondations Sp\u00e9ciales\",\"isPartOf\":{\"@id\":\"https:\/\/ancrage-btp.fr\/#website\"},\"primaryImageOfPage\":{\"@id\":\"https:\/\/ancrage-btp.fr\/index.php\/qui-sommes-nous\/#primaryimage\"},\"image\":{\"@id\":\"https:\/\/ancrage-btp.fr\/index.php\/qui-sommes-nous\/#primaryimage\"},\"thumbnailUrl\":\"https:\/\/ancrage-btp.fr\/wp-content\/uploads\/2019\/08\/Photo-homepage-paysbasque-1024x542.jpg\",\"datePublished\":\"2019-07-11T10:03:41+00:00\",\"dateModified\":\"2024-02-26T14:30:58+00:00\",\"description\":\"ANCRAGE est une soci\u00e9t\u00e9 \u00e0 taille humaine, intervenant dans le grand Sud-Ouest, sur des travaux de Fondations Sp\u00e9ciales, Sout\u00e8nements et Reprises en Sous-\u0152uvre.\",\"breadcrumb\":{\"@id\":\"https:\/\/ancrage-btp.fr\/index.php\/qui-sommes-nous\/#breadcrumb\"},\"inLanguage\":\"fr-FR\",\"potentialAction\":[{\"@type\":\"ReadAction\",\"target\":[\"https:\/\/ancrage-btp.fr\/index.php\/qui-sommes-nous\/\"]}]},{\"@type\":\"ImageObject\",\"inLanguage\":\"fr-FR\",\"@id\":\"https:\/\/ancrage-btp.fr\/index.php\/qui-sommes-nous\/#primaryimage\",\"url\":\"https:\/\/ancrage-btp.fr\/wp-content\/uploads\/2019\/08\/Photo-homepage-paysbasque.jpg\",\"contentUrl\":\"https:\/\/ancrage-btp.fr\/wp-content\/uploads\/2019\/08\/Photo-homepage-paysbasque.jpg\",\"width\":2500,\"height\":1324},{\"@type\":\"BreadcrumbList\",\"@id\":\"https:\/\/ancrage-btp.fr\/index.php\/qui-sommes-nous\/#breadcrumb\",\"itemListElement\":[{\"@type\":\"ListItem\",\"position\":1,\"name\":\"Accueil\",\"item\":\"https:\/\/ancrage-btp.fr\/\"},{\"@type\":\"ListItem\",\"position\":2,\"name\":\"Qui sommes-nous ?\"}]},{\"@type\":\"WebSite\",\"@id\":\"https:\/\/ancrage-btp.fr\/#website\",\"url\":\"https:\/\/ancrage-btp.fr\/\",\"name\":\"Ancrage - Fondations Sp\u00e9ciales\",\"description\":\"05 59 59 35 38 \u2022 contact@ancrage-btp.fr \u2022 474, Lan Eremuko Bidea \u2022 ZAC Duboscoa 2 \u2022 64990 Villefranque\",\"publisher\":{\"@id\":\"https:\/\/ancrage-btp.fr\/#organization\"},\"potentialAction\":[{\"@type\":\"SearchAction\",\"target\":{\"@type\":\"EntryPoint\",\"urlTemplate\":\"https:\/\/ancrage-btp.fr\/?s={search_term_string}\"},\"query-input\":{\"@type\":\"PropertyValueSpecification\",\"valueRequired\":true,\"valueName\":\"search_term_string\"}}],\"inLanguage\":\"fr-FR\"},{\"@type\":\"Organization\",\"@id\":\"https:\/\/ancrage-btp.fr\/#organization\",\"name\":\"Ancrage - Fondations Sp\u00e9ciales\",\"url\":\"https:\/\/ancrage-btp.fr\/\",\"logo\":{\"@type\":\"ImageObject\",\"inLanguage\":\"fr-FR\",\"@id\":\"https:\/\/ancrage-btp.fr\/#\/schema\/logo\/image\/\",\"url\":\"https:\/\/ancrage-btp.fr\/wp-content\/uploads\/2019\/07\/cropped-Ancrage-CMJN-Contour-Baseline.png\",\"contentUrl\":\"https:\/\/ancrage-btp.fr\/wp-content\/uploads\/2019\/07\/cropped-Ancrage-CMJN-Contour-Baseline.png\",\"width\":496,\"height\":180,\"caption\":\"Ancrage - Fondations Sp\u00e9ciales\"},\"image\":{\"@id\":\"https:\/\/ancrage-btp.fr\/#\/schema\/logo\/image\/\"}}]}<\/script>\n<!-- \/ Yoast SEO plugin. -->","yoast_head_json":{"title":"Qui sommes-nous ? - Ancrage - Fondations Sp\u00e9ciales","description":"ANCRAGE est une soci\u00e9t\u00e9 \u00e0 taille humaine, intervenant dans le grand Sud-Ouest, sur des travaux de Fondations Sp\u00e9ciales, Sout\u00e8nements et Reprises en Sous-\u0152uvre.","robots":{"index":"index","follow":"follow","max-snippet":"max-snippet:-1","max-image-preview":"max-image-preview:large","max-video-preview":"max-video-preview:-1"},"canonical":"https:\/\/ancrage-btp.fr\/index.php\/qui-sommes-nous\/","og_locale":"fr_FR","og_type":"article","og_title":"Qui sommes-nous ? - Ancrage - Fondations Sp\u00e9ciales","og_description":"ANCRAGE est une soci\u00e9t\u00e9 \u00e0 taille humaine, intervenant dans le grand Sud-Ouest, sur des travaux de Fondations Sp\u00e9ciales, Sout\u00e8nements et Reprises en Sous-\u0152uvre.","og_url":"https:\/\/ancrage-btp.fr\/index.php\/qui-sommes-nous\/","og_site_name":"Ancrage - Fondations Sp\u00e9ciales","article_modified_time":"2024-02-26T14:30:58+00:00","og_image":[{"url":"https:\/\/ancrage-btp.fr\/wp-content\/uploads\/2019\/08\/Photo-homepage-paysbasque-1024x542.jpg","type":"","width":"","height":""}],"twitter_card":"summary_large_image","twitter_misc":{"Dur\u00e9e de lecture estim\u00e9e":"2 minutes"},"schema":{"@context":"https:\/\/schema.org","@graph":[{"@type":"WebPage","@id":"https:\/\/ancrage-btp.fr\/index.php\/qui-sommes-nous\/","url":"https:\/\/ancrage-btp.fr\/index.php\/qui-sommes-nous\/","name":"Qui sommes-nous ? - Ancrage - Fondations Sp\u00e9ciales","isPartOf":{"@id":"https:\/\/ancrage-btp.fr\/#website"},"primaryImageOfPage":{"@id":"https:\/\/ancrage-btp.fr\/index.php\/qui-sommes-nous\/#primaryimage"},"image":{"@id":"https:\/\/ancrage-btp.fr\/index.php\/qui-sommes-nous\/#primaryimage"},"thumbnailUrl":"https:\/\/ancrage-btp.fr\/wp-content\/uploads\/2019\/08\/Photo-homepage-paysbasque-1024x542.jpg","datePublished":"2019-07-11T10:03:41+00:00","dateModified":"2024-02-26T14:30:58+00:00","description":"ANCRAGE est une soci\u00e9t\u00e9 \u00e0 taille humaine, intervenant dans le grand Sud-Ouest, sur des travaux de Fondations Sp\u00e9ciales, Sout\u00e8nements et Reprises en Sous-\u0152uvre.","breadcrumb":{"@id":"https:\/\/ancrage-btp.fr\/index.php\/qui-sommes-nous\/#breadcrumb"},"inLanguage":"fr-FR","potentialAction":[{"@type":"ReadAction","target":["https:\/\/ancrage-btp.fr\/index.php\/qui-sommes-nous\/"]}]},{"@type":"ImageObject","inLanguage":"fr-FR","@id":"https:\/\/ancrage-btp.fr\/index.php\/qui-sommes-nous\/#primaryimage","url":"https:\/\/ancrage-btp.fr\/wp-content\/uploads\/2019\/08\/Photo-homepage-paysbasque.jpg","contentUrl":"https:\/\/ancrage-btp.fr\/wp-content\/uploads\/2019\/08\/Photo-homepage-paysbasque.jpg","width":2500,"height":1324},{"@type":"BreadcrumbList","@id":"https:\/\/ancrage-btp.fr\/index.php\/qui-sommes-nous\/#breadcrumb","itemListElement":[{"@type":"ListItem","position":1,"name":"Accueil","item":"https:\/\/ancrage-btp.fr\/"},{"@type":"ListItem","position":2,"name":"Qui sommes-nous ?"}]},{"@type":"WebSite","@id":"https:\/\/ancrage-btp.fr\/#website","url":"https:\/\/ancrage-btp.fr\/","name":"Ancrage - Fondations Sp\u00e9ciales","description":"05 59 59 35 38 \u2022 contact@ancrage-btp.fr \u2022 474, Lan Eremuko Bidea \u2022 ZAC Duboscoa 2 \u2022 64990 Villefranque","publisher":{"@id":"https:\/\/ancrage-btp.fr\/#organization"},"potentialAction":[{"@type":"SearchAction","target":{"@type":"EntryPoint","urlTemplate":"https:\/\/ancrage-btp.fr\/?s={search_term_string}"},"query-input":{"@type":"PropertyValueSpecification","valueRequired":true,"valueName":"search_term_string"}}],"inLanguage":"fr-FR"},{"@type":"Organization","@id":"https:\/\/ancrage-btp.fr\/#organization","name":"Ancrage - Fondations Sp\u00e9ciales","url":"https:\/\/ancrage-btp.fr\/","logo":{"@type":"ImageObject","inLanguage":"fr-FR","@id":"https:\/\/ancrage-btp.fr\/#\/schema\/logo\/image\/","url":"https:\/\/ancrage-btp.fr\/wp-content\/uploads\/2019\/07\/cropped-Ancrage-CMJN-Contour-Baseline.png","contentUrl":"https:\/\/ancrage-btp.fr\/wp-content\/uploads\/2019\/07\/cropped-Ancrage-CMJN-Contour-Baseline.png","width":496,"height":180,"caption":"Ancrage - Fondations Sp\u00e9ciales"},"image":{"@id":"https:\/\/ancrage-btp.fr\/#\/schema\/logo\/image\/"}}]}},"_links":{"self":[{"href":"https:\/\/ancrage-btp.fr\/index.php\/wp-json\/wp\/v2\/pages\/23"}],"collection":[{"href":"https:\/\/ancrage-btp.fr\/index.php\/wp-json\/wp\/v2\/pages"}],"about":[{"href":"https:\/\/ancrage-btp.fr\/index.php\/wp-json\/wp\/v2\/types\/page"}],"author":[{"embeddable":true,"href":"https:\/\/ancrage-btp.fr\/index.php\/wp-json\/wp\/v2\/users\/1"}],"replies":[{"embeddable":true,"href":"https:\/\/ancrage-btp.fr\/index.php\/wp-json\/wp\/v2\/comments?post=23"}],"version-history":[{"count":31,"href":"https:\/\/ancrage-btp.fr\/index.php\/wp-json\/wp\/v2\/pages\/23\/revisions"}],"predecessor-version":[{"id":771,"href":"https:\/\/ancrage-btp.fr\/index.php\/wp-json\/wp\/v2\/pages\/23\/revisions\/771"}],"wp:attachment":[{"href":"https:\/\/ancrage-btp.fr\/index.php\/wp-json\/wp\/v2\/media?parent=23"}],"curies":[{"name":"wp","href":"https:\/\/api.w.org\/{rel}","templated":true}]}}